 3f33 + -23?
3f10
In base 12, what is -492917 - 0?
-492917
In base 12, what is 1746 + 2?
1748
In base 14, what is -339 - -a4?
-275
In base 9, what is 18043 + 12?
18055
In base 8, what is -36771 + -2?
-36773
In base 12, what is -164 + 2109?
1b65
In base 16, what is -c1e7 + d?
-c1da
In base 7, what is -10242451 + 4?
-10242444
In base 16, what is a6f2 + -5?
a6ed
In base 7, what is 33 + 342?
405
In base 11, what is 908 - -711?
1519
In base 10, what is -38 + -2699?
-2737
In base 14, what is -4 + 145125?
145121
In base 13, what is -4a975 + 4?
-4a971
In base 9, what is 12 + -14736?
-14724
In base 11, what is 1084 + 39?
1112
In base 16, what is -15 - 21ecc?
-21ee1
In base 2, what is -101 - 1010100001110001?
-1010100001110110
In base 13, what is 1c - 636bb?
-6369c
In base 14, what is -196 + a4?
-d2
In base 3, what is 120120002 + -110?
120112122
In base 11, what is -94876 - 4?
-9487a
In base 15, what is -185 + -97?
-22c
In base 10, what is 90 - 8442?
-8352
In base 11, what is -37 + 616?
58a
In base 4, what is 0 - 33332123?
-33332123
In base 6, what is 5330 + -1555?
3331
In base 12, what is 4 - 1342b2?
-1342aa
In base 5, what is -22220113 + -1?
-22220114
In base 13, what is -1 - -15747b?
15747a
In base 9, what is -4 - -1326500?
1326485
In base 9, what is -4 + 21507?
21503
In base 14, what is -a + 4722?
4716
In base 15, what is -27a - -7e4?
569
In base 13, what is a89 + 66?
b22
In base 12, what is 37a9 + 39?
3826
In base 16, what is 1 - cf7?
-cf6
In base 9, what is 1138 - -46?
1185
In base 11, what is 19795 - -5?
1979a
In base 2, what is -10 - -10001111001100000101?
10001111001100000011
In base 14, what is -8d564 + -a?
-8d570
In base 6, what is 210131 + -11?
210120
In base 4, what is 1312 - -113103?
121021
In base 10, what is 0 + -663?
-663
In base 7, what is 23 + 12512?
12535
In base 12, what is -3bb + -3b?
-43a
In base 13, what is -15750 - -48?
-15705
In base 12, what is -8 - 47157?
-47163
In base 11, what is -445 + -10672?
-11007
In base 15, what is -2860 - -68?
-27e7
In base 11, what is 5 + 34a6?
3500
In base 7, what is -301 + -4131?
-4432
In base 3, what is -10221211210 - -12?
-10221211121
In base 16, what is -17 - 2d9?
-2f0
In base 3, what is -12 + 120101111?
120101022
In base 13, what is -1 + -5047?
-5048
In base 10, what is 3399 - 0?
3399
In base 7, what is 4013 - 24?
3656
In base 8, what is -572006 - -2?
-572004
In base 6, what is -3401 + 32?
-3325
In base 10, what is 2 - -41216?
41218
In base 2, what is 101100010001 - -110001111?
110010100000
In base 11, what is 6a149 + -5?
6a144
In base 9, what is -254665 + -1?
-254666
In base 6, what is 423 + -14152?
-13325
In base 4, what is 220013 - -12103?
232122
In base 2, what is -11 - 1011100100100?
-1011100100111
In base 16, what is -123cb + -5?
-123d0
In base 13, what is 4218 - -1?
4219
In base 3, what is -111100011 - 102?
-111100120
In base 8, what is 1265 - 31106?
-27621
In base 15, what is 89 + 6?
90
In base 11, what is 121 + 1158?
1279
In base 12, what is b47467 - -4?
b4746b
In base 10, what is 1086150 + 4?
1086154
In base 9, what is 527358 + 0?
527358
In base 2, what is -1011001 - 100011101101?
-100101000110
In base 4, what is -200022 - 111?
-200133
In base 15, what is -20caa - -e?
-20c9b
In base 15, what is 37 + 1295?
12cc
In base 9, what is -2 + -18756?
-18758
In base 3, what is 1 - -22102222222?
22110000000
In base 6, what is -1435043 - -4?
-1435035
In base 2, what is 1101 + -1100001101111?
-1100001100010
In base 2, what is -11 + -110000010011101?
-110000010100000
In base 10, what is 1784 - -51?
1835
In base 8, what is 0 - -164223?
164223
In base 7, what is 42416 - -1402?
44121
In base 11, what is -53740 - 0?
-53740
In base 2, what is 1101110100 - 1100010?
1100010010
In base 15, what is -2a83b - 1?
-2a83c
In base 15, what is -4 + cb7?
cb3
In base 12, what is -4760 - 1?
-4761
In base 14, what is 4 + 15430?
15434
In base 9, what is 223064 - 13?
223051
In base 3, what is 10 - 10110101021?
-10110101011
In base 11, what is -8382 - 13?
-8395
In base 11, what is 743a + 0?
743a
In base 13, what is -1 - 24613?
-24614
In base 9, what is 1675873 - 3?
1675870
In base 9, what is -112730 - 5?
-112735
In base 11, what is -671a - 16?
-6735
In base 12, what is -99898 - 0?
-99898
In base 10, what is -17 - 25707?
-25724
In base 6, what is 431 - 15?
412
In base 5, what is 1334203 - -10?
1334213
In base 11, what is 136 - -705?
840
In base 13, what is 9203 - -3?
9206
In base 16, what is 86b + -15?
856
In base 13, what is -b14 - 19?
-b30
In base 14, what is 3 + 772cb?
772d0
In base 8, what is -3 - 137477?
-137502
In base 12, what is -11b3a + 30?
-11b0a
In base 7, what is -11 + 631?
620
In base 8, what is 15 + -120702?
-120665
In base 2, what is 110001001100110001 + 10110?
110001001101000111
In base 6, what is 30533 - 2413?
24120
In base 14, what is 3 + ad431?
ad434
In base 16, what is 18 + -1ee?
-1d6
In base 12, what is -6414 - 7?
-641b
In base 4, what is -3203023210 + 2?
-3203023202
In base 8, what is 5207 + 17?
5226
In base 6, what is -5302 + -153?
-5455
In base 14, what is 2 - 5db6?
-5db4
In base 13, what is -21 + -a663?
-a684
In base 5, what is -22424120 + 3?
-22424112
In base 4, what is -12233 - -3030?
-3203
In base 3, what is 11201010011 + -10?
11201010001
In base 16, what is 690 - -3?
693
In base 13, what is -37010 - 4?
-37014
In base 7, what is -351141 - 1?
-351142
In base 12, what is -187 - 3a?
-205
In base 16, what is -1d4 + a3?
-131
In base 12, what is 288 - -44a5?
4771
In base 8, what is 144170 + 4?
144174
In base 11, what is 563 - -84?
637
In base 16, what is -3ff4 - -2?
-3ff2
In base 7, what is -6 + 165434?
165425
In base 8, what is -1 + -2302654?
-2302655
In base 3, what is -1222211 + -121002?
-2120220
In base 12, what is -37 - 1063?
-109a
In base 6, what is 21 - 1443322?
-1443301
In base 5, what is -2024202 - -3?
-2024144
In base 3, what is -220012 - 12220201?
-20210220
In base 16, what is -e2 + -74e?
-830
In base 10, what is 1 - -20196?
20197
In base 3, what is -1211111021012 + 1?
-1211111021011
In base 15, what is 3 + -163592?
-16358e
In base 11, what is -5 - 3a6820?
-3a6825
In base 4, what is -331010113 + -11?
-331010130
In base 9, what is -885 + -25?
-1021
In base 5, what is -400030 - 320?
-400400
In base 6, what is -242 - -2?
-240
In base 5, what is 2204 + -143?
2011
In base 5, what is -330403303 - -4?
-330403244
In base 7, what is 46532 + 2?
46534
In base 10, what is 435 - -458?
893
In base 15, what is 76a8 + -4?
76a4
In base 3, what is -11220112010 - 2122?
-11220121202
In base 3, what is 110112122 - 1110?
110111012
In base 6, what is 1 + -30031?
-30030
In base 10, what is 85 - 7700?
-7615
In base 5, what is -2 + -10402331?
-10402333
In base 13, what is -849 - 235?
-a81
In base 11, what is 16353 + 1?
16354
In base 2, what is 1110101000 - 1000000?
1101101000
In base 4, what is 2001112 + -2?
2001110
In base 9, what is 10 - -73283?
73303
In base 6, what is -11142330 + -1?
-11142331
In base 3, what is 10 - -2012?
2022
In base 4, what is 1 + 311230?
311231
In base 8, what is 22 + -4226?
-4204
In base 2, what is -11011000111100 + -11?
-11011000111111
In base 16, what is -3 + 35a36?
35a33
In base 15, what is -ea11c - 0?
-ea11c
In base 11, what is 7094 - -14?
70a8
In base 12, what is -95a71 + 0?
-95a71
In base 8, what is -2 - -201411?
201407
In base 15, what is -be7 + -5?
-bec
In base 15, what is 6bbd + 7?
6bc5
In base 9, what is 272 - 267?
4
In base 5, what is 24033 - -212?
24300
In base 3, what is -1 + 200102221?
200102220
In base 12, what is -8068 + 4?
-8064
In base 6, what is 303500 - -5?
303505
In base 11, what is 1522 - -5a?
1581
In base 4, what is 2320121 + 2?
2320123
In base 7, what is 1 - -2504?
2505
In base 9, what is -68853 + -83?
-70046
In base 11, what is -2 - -217?
215
In base 13, what is -117c - 1?
-1180
In base 5, what is -1 + -34344434?
-34344440
In base 6, what is 51 + -2243?
-2152
In base 8, what is -4 + -37636?
-37642
In base 12, what is 7 - 28246?
-2823b
In base 15, what is -3e519 - 8?
-3e522
In base 11, what is -5829 + 3?
-5826
In base 5, what is 0 + -234013000?
-234013000
In base 4, what is 0 - 30210021?
-30210021
In base 9, what is 38 - -403803?
403842
In base 16, what is -1d9 - 6?
-1df
In base 7, what is 3 - -5063654?
5063660
In base 11, what is -6 - -23310?
23305
In base 4